digit of j(i)?
1
Let b(q) be the second derivative of -q**4/12 + 2*q**3 + 2*q**2 - 23*q. What is the units digit of b(8)?
6
Let a be (-3 - (-4)/2)*(9 - 2). Let t(j) = j**2 - 8*j - 16. What is the tens digit of t(a)?
8
Let m = 5944 - 4216. What is the hundreds digit of m?
7
Suppose -5*l + 412 = -28. What is the tens digit of l?
8
Let c be (-37)/(2 + (-21)/9). Suppose 0 = f - 4*f + c. What is the tens digit of f?
3
Suppose -4*q = -38*q + 47906. What is the tens digit of q?
0
Suppose -i - 4*s = -941, 3*s + 945 = i + 5*s. What is the tens digit of i?
4
Let i be ((-186)/15)/(5/300). What is the tens digit of (i/30)/(4/(-10))?
6
Suppose -36 = -5*q - 11. Let a be (q + -2 - 2) + 4. Suppose d + 0*l + 3*l - 70 = 0, 3*d - 140 = a*l. What is the units digit of d?
5
Let y = 120 - 34. Suppose 24 = p + 3*m - 12, 2*p - m = y. What is the units digit of p?
2
Let a be ((-8)/2)/((-11)/22). Suppose a = -j + 10. Suppose j*m = 0, -3*m - 235 = -5*b - 0*m. What is the units digit of b?
7
Let d(v) = v**3 - 8*v**2 - 2*v - 8. Let l be d(8). Let s be (-16)/l - (-328)/3. Suppose -s = -4*p + 26. What is the units digit of p?
4
Suppose 0 = -3*q + 9, -3*k = -4*q - 1 + 13. Suppose k = 3*g - 2*g - 31. What is the tens digit of g?
3
Suppose 5*a = -0*a + 4*s + 3245, 0 = a - 5*s - 670. What is the tens digit of a?
4
Let s(c) be the first derivative of 8*c**3/3 + c**2 - 3*c - 44. What is the hundreds digit of s(-6)?
2
Let j = 15 - 9. Suppose -3*x + u + j = 0, u = 4*u - 9. Suppose 2*n + 1 = 5*r - 26, 47 = 5*r + x*n. What is the units digit of r?
7
Let n = -33 - -105. Suppose b + n = 2*b. What is the units digit of b?
2
What is the tens digit of (-142)/8*(-6 + -6)?
1
Let y = -128 - -137. Suppose -y*f + 1650 = f. What is the hundreds digit of f?
1
Suppose -2 + 6 = b, 2*b = -2*t + 216. What is the units digit of t?
4
Let r(u) = -u + 14. Let m be r(8). Suppose -4*q = -h + 16, 3 = q - m*q - 3*h. Let d = q - -4. What is the units digit of d?
1
Suppose 15*y - 5542 = -847. What is the tens digit of y?
1
Let w(i) = -7*i**2 + 0*i**2 + 10*i - 8 + 9*i**2. What is the units digit of w(-11)?
4
Let h = -39 + 36. What is the tens digit of 127 - 7 - (h - -2)?
2
Suppose -6*j + 10*j = 2*r - 4, 2*j - 6 = -3*r. Suppose 0 = 3*b + 7*a - 3*a - 227, -5*b - 5*a + 385 = j. What is the units digit of b?
1
Let y(h) = 31*h**2 + 19*h - 30. What is the units digit of y(-8)?
2
Suppose 146*b = 183*b - 123284. What is the thousands digit of b?
3
Let x be (5/75*6)/((-2)/(-10)). Suppose -t = -5*t + x*f + 820, f + 207 = t. What is the hundreds digit of t?
2
Let u(h) = h**2 - 7*h - 17. Let z be u(-4). What is the units digit of -1*(-2 - z*5)?
7
Let f = 165 + 42. Let v be (f/6)/((-4)/(-8)). Let w = v + -29. What is the units digit of w?
0
Let b(l) = 18*l**2 + l + 1. Suppose 0 = 2*x - 7*x - 2*y - 13, 0 = -2*x + 5*y + 18. Let p be x - (-4 - -1)/(-3). What is the units digit of b(p)?
1
Let o be (4/5)/(5/50). Suppose -2*j + 4*j - 2*u = 0, -2*u - o = 0. What is the tens digit of 225/10*j/(-5)?
1
Let w(t) = -2*t + 7. Let i be w(2). Suppose -3*p = -2*s + 74, -p + i = -1. What is the units digit of s?
3
Suppose -845 - 1112 = -2*w - 5*k, -w - 5*k = -971. What is the tens digit of w?
8
Suppose 3*o = -4*f + 2157, 0 = -3*o + 7 + 2. What is the hundreds digit of f?
5
Suppose -223*k = -227*k + 1044. What is the units digit of k?
1
Let h(g) = -25*g - 33*g - 3 + 2 - g. Let t be h(-3). Suppose 0*d + 79 = 2*y - d, -4*d = 4*y - t. What is the units digit of y?
1
Let g(v) = 3*v**3 - 6*v**2 - 10*v - 3. Let w(l) = 7*l**3 - 12*l**2 - 21*l - 5. Let i(p) = -5*g(p) + 2*w(p). Let x = -72 + 79. What is the tens digit of i(x)?
1
Let r(u) = -60*u + 26*u + 44*u + 21. What is the tens digit of r(7)?
9
What is the tens digit of ((-4555)/25 - -1)*-10?
1
Suppose 4 = 3*t - 5. Let s be ((-4)/6)/((-2)/t). Let z = 4 - s. What is the units digit of z?
3
Let p(u) = u**3 + 6*u**2 - 16*u + 30. What is the units digit of p(-8)?
0
Let j(w) = 9*w. Let g be j(5). Suppose -5*s + 0 - g = 0. Let i = s - -27. What is the tens digit of i?
1
Suppose 0 = -2*z + 6, 2*v - 5*z + 27 = -4*z. Let m = v - -9. What is the tens digit of (-5)/(m/12*2)?
1
Suppose -2*n + 12 = -4*u - 24, u - 35 = -5*n. Suppose 6 = -2*l + n*l. What is the units digit of l?
1
Suppose 2*n = 2*k + 8, k + n = -0*n + 6. Let t(a) = -a**2 + 9*a**2 - 3*a + 1 + 29*a**2. What is the tens digit of t(k)?
3
Suppose -15 = -5*m - 0. Let b = m + -15. What is the units digit of (-4 - b/8)*-2?
5
Let v(r) = r**3 + 18*r**2 - 3*r - 17. Let t(w) = w**3 + 8*w**2 + 12*w + 17. Let b be t(-7). What is the tens digit of v(b)?
3
Let j(b) = -b**3 - 37*b**2 - 11*b - 63. What is the units digit of j(-37)?
4
Suppose 0*a + 793 = 4*a - 5*j, 407 = 2*a + j. What is the units digit of a?
2
Suppose -4*f = -2*z + 1036, 5*f + 708 = 5*z - 1857. What is the tens digit of z?
0
Suppose 29*q - 31*q = -420. What is the units digit of q?
0
Let h(v) = -7*v**2 - 2*v - 3. Let s(l) = -l**2 - l. Let k(a) = -h(a) + 5*s(a). Suppose 2*y - 7 = 1. What is the tens digit of k(y)?
2
Suppose -14*o - 1245 = -3513. What is the hundreds digit of o?
1
Suppose -77*j + 89*j - 14904 = 0. What is the thousands digit of j?
1
Let t(l) = l**2 - l + 3*l**2 - 2 - 2*l**2 - l. Let s be t(3). What is the tens digit of (-264)/(-15) + 4/s?
1
Suppose 2*b - 2*l + 7*l = -33, 0 = -4*b + 2*l - 6. Let k(i) be the second derivative of i**4/6 + i**3 + i**2/2 - 7*i - 5. What is the units digit of k(b)?
9
Let b = -1958 - -2816. What is the units digit of b?
8
Let h = 81 - 79. Suppose -h*v = -5*y - 335 + 53, -v - y = -141. What is the hundreds digit of v?
1
Let d = -1367 + 910. Let c = -285 - d. What is the units digit of c?
2
Suppose 4*k - 4*s = -5 + 1, 4*k + 4*s + 20 = 0. Let j(t) = -2*t**3 + 2*t**2 + 5*t + 3. What is the tens digit of j(k)?
6
What is the hundreds digit of ((-4 + 125)*-1)/(-1)?
1
Let i(g) = 3*g**2 + 2*g - 24. Suppose -a = -4*a - 21. What is the hundreds digit of i(a)?
1
Suppose 3*b + b = -232. Let u(g) = -g**3 - 1. Let d be u(1). What is the units digit of (b/6)/(d/6)?
9
Let u = 31 + -27. Suppose -u*o - o + 190 = 0. What is the tens digit of o?
3
Let q = -42 + 12. Let v = -15 - q. Suppose 3 = -4*n + v. What is the units digit of n?
3
Let b(l) = -126*l - 10. What is the tens digit of b(-1)?
1
Let d(y) = -y**3 + 2*y**2 + 10*y + 14. Let x be d(-6). Suppose 5*f - x - 43 = 0. What is the tens digit of f?
5
Suppose -264 = 4*g - 6*g. Let n = g - 91. What is the units digit of n?
1
Let k be 2/13 + 167/13. Suppose i + k = 82. What is the tens digit of i?
6
Suppose -32*q + 4*i - 7617 = -37*q, 4*q - 2*i - 6104 = 0. What is the units digit of q?
5
Let u = -181 - -386. What is the tens digit of u?
0
Let q = -134 - -159. Suppose 26*n - 242 = q*n. What is the tens digit of n?
4
Let p(g) = -1736*g**3 + 7*g**2 + 6*g - 2. What is the hundreds digit of p(-1)?
7
Let b be (-1446)/(-10) + (-130)/(-325). Let g(d) = -d**3 + 8*d**2 + 3*d - 5. Let o be g(5). Let i = b - o. What is the units digit of i?
0
Let b(t) = t**3 - 6*t**2 - 6*t - 2. Let d be b(7). Suppose 0 = -d*c + 20, i - 139 + 27 = c. Suppose 19 = 3*x - i. What is the units digit of x?
5
Suppose -95536 = 65*i - 252251. What is the hundreds digit of i?
4
Let s(x) = x**3 + 3*x**2 + x + 4. Let m be s(-3). Let d(l) be the first derivative of l**3/3 + l**2/2 - l + 133. What is the units digit of d(m)?
1
Let p(i) = -i**2 - i + 37. Let x(g) = -g. Let w(y) = p(y) + 3*x(y). What is the tens digit of w(-5)?
3
What is the units digit of 7838/7 - (-4)/14?
0
Let a be -3*3/3 - -6. Let v(o) = -2*o**3 + 3*o**2 + 4*o. Let f be v(a). Let y(s) = -s + 12. What is the units digit of y(f)?
7
Suppose 3*b - 22 - 26 = 0. Suppose -5 = -3*h + b. Suppose h*r = 4*r + 27. What is the units digit of r?
9
Let n(j) = -j**2 + 5*j. Let t be n(6). Let x(u) be the second derivative of u**5/20 + 2*u**4/3 + 3*u**3/2 + 3*u**2/2 + 8*u. What is the units digit of x(t)?
1
Let x = -12 - -17. Suppose 28 = x*i + 8. Suppose -c - 198 = -i*l - 3*c, -5*l + 246 = 3*c. What is the units digit of l?
1
Suppose -a + 264 = -1099. What is the units digit of a?
3
Let a(f) = 77*f + 4. Let v be a(10). What is the hundreds digit of ((-11)/3 + 3)*v/(-4)?
1
Let k be 4 + (-10)/6 + (-8)/(-12). Suppose k*s - 350 = -4*j, 5*s - 87 = -3*j + 170. What is the tens digit of j?
8
Let v = -256 + 728. What 